 prime factors of 79656814?
2, 39828407
What are the prime factors of 259091438?
2, 129545719
What are the prime factors of 56665656?
2, 3, 103, 283
List the prime factors of 293386417.
29, 2521, 4013
List the prime factors of 32445435.
3, 5, 11, 17, 43, 269
What are the prime factors of 558757673?
1489, 375257
What are the prime factors of 1820873658?
2, 3, 10651, 28493
List the prime factors of 228881180.
2, 5, 11, 271, 349
List the prime factors of 2041286581.
827, 2468303
List the prime factors of 86807544.
2, 3, 373, 9697
What are the prime factors of 419527998?
2, 3, 2589679
What are the prime factors of 682677758?
2, 7, 463, 105319
List the prime factors of 1676958130.
2, 5, 167695813
List the prime factors of 82618000.
2, 5, 101, 409
List the prime factors of 76508220.
2, 3, 5, 541, 2357
What are the prime factors of 697794413?
697794413
What are the prime factors of 61221664?
2, 7, 273311
List the prime factors of 4342945.
5, 31, 28019
List the prime factors of 6931240439.
29, 97, 2464003
What are the prime factors of 146878070?
2, 5, 67, 257, 853
What are the prime factors of 4002775805?
5, 7, 114365023
What are the prime factors of 41074277?
2917, 14081
List the prime factors of 2240660545.
5, 347, 1291447
What are the prime factors of 1155933143?
1155933143
List the prime factors of 747016212.
2, 3, 62251351
What are the prime factors of 669771424?
2, 7, 2990051
List the prime factors of 2159610216.
2, 3, 5659, 15901
List the prime factors of 1445065557.
3, 13, 443, 83641
List the prime factors of 20729543.
101, 167, 1229
List the prime factors of 613674175.
5, 929, 26423
List the prime factors of 1564385143.
809, 1933727
List the prime factors of 857822515.
5, 11, 139, 112207
List the prime factors of 594736033.
149, 3991517
What are the prime factors of 353993166?
2, 3, 728381
List the prime factors of 20207194.
2, 7, 337, 4283
What are the prime factors of 4575459254?
2, 17, 134572331
List the prime factors of 2765432856.
2, 3, 43, 1117, 2399
What are the prime factors of 637408231?
1117, 570643
List the prime factors of 80336068.
2, 20084017
What are the prime factors of 177169514?
2, 229, 587, 659
List the prime factors of 1776436919.
263, 6754513
List the prime factors of 74819567.
17, 229, 19219
List the prime factors of 21166338.
2, 3, 3527723
What are the prime factors of 5939259967?
83, 71557349
List the prime factors of 410382398.
2, 205191199
List the prime factors of 79542004.
2, 23, 864587
What are the prime factors of 641019059?
73, 8781083
List the prime factors of 130437074.
2, 67, 973411
List the prime factors of 3476991041.
3476991041
List the prime factors of 3734971743.
3, 181, 6878401
List the prime factors of 15213266.
2, 17, 447449
List the prime factors of 8542718.
2, 167, 25577
What are the prime factors of 303538644?
2, 3, 997, 2819
What are the prime factors of 1156416174?
2, 3, 337, 190639
What are the prime factors of 1267574309?
1267574309
List the prime factors of 42991880.
2, 5, 587, 1831
List the prime factors of 33410182.
2, 13, 863, 1489
What are the prime factors of 4568823237?
3, 11, 269, 514681
List the prime factors of 28827082.
2, 14413541
What are the prime factors of 187393622?
2, 13, 554419
What are the prime factors of 2919034464?
2, 3, 61, 498469
List the prime factors of 32803983.
3, 31, 117577
What are the prime factors of 1579315019?
1579315019
What are the prime factors of 329356977?
3, 41, 317, 8447
What are the prime factors of 1745464931?
7, 101, 223, 11071
List the prime factors of 2762294.
2, 1381147
List the prime factors of 27645560.
2, 5, 43, 16073
List the prime factors of 862516858.
2, 7, 61608347
List the prime factors of 444345885.
3, 5, 1069, 3079
List the prime factors of 42008881.
42008881
List the prime factors of 158017171.
13, 97, 125311
What are the prime factors of 449450043?
3, 7, 21402383
List the prime factors of 280423518.
2, 3, 37, 41, 30809
What are the prime factors of 548484908?
2, 5147, 26641
List the prime factors of 33262173.
3, 7, 97, 5443
List the prime factors of 2549611027.
31, 82245517
What are the prime factors of 52430085?
3, 5, 129457
List the prime factors of 333187626.
2, 3, 661, 84011
List the prime factors of 3309970005.
3, 5, 137, 439, 1223
What are the prime factors of 3297953949?
3, 6793, 161831
What are the prime factors of 1660951988?
2, 47, 8834851
What are the prime factors of 3905213796?
2, 3, 11, 1095739
List the prime factors of 1925843587.
73, 3313, 7963
What are the prime factors of 29380502?
2, 89, 165059
What are the prime factors of 7498579?
11, 681689
List the prime factors of 901231914.
2, 3, 11, 17, 803237
What are the prime factors of 208189786?
2, 7, 17, 499, 1753
List the prime factors of 551574009.
3, 7, 19, 269, 571
What are the prime factors of 7777336121?
17137, 453833
What are the prime factors of 966702116?
2, 4153, 58193
List the prime factors of 243682802.
2, 11, 11076491
List the prime factors of 3416330245.
5, 19, 35961371
List the prime factors of 430484172.
2, 3, 35873681
List the prime factors of 2998823069.
11, 17, 16036487
What are the prime factors of 73473273?
3, 173, 47189
List the prime factors of 310990112.
2, 17, 571673
List the prime factors of 75666014.
2, 17, 97, 22943
List the prime factors of 932703438.
2, 3, 47, 3307459
List the prime factors of 177937645.
5, 151, 235679
What are the prime factors of 3828782146?
2, 7, 273484439
What are the prime factors of 1109088386?
2, 7, 67, 1182397
What are the prime factors of 14051292?
2, 3, 1170941
List the prime factors of 1844057358.
2, 3, 11, 13, 55109
List the prime factors of 1646352876.
2, 3, 7, 19599439
What are the prime factors of 1411288598?
2, 705644299
What are the prime factors of 180631932?
2, 3, 13, 89069
List the prime factors of 405948687.
3, 1499, 90271
List the prime factors of 802769473.
11, 6007, 12149
List the prime factors of 27736362.
2, 3, 167, 9227
List the prime factors of 15815271.
3, 43, 122599
What are the prime factors of 17155597?
3499, 4903
List the prime factors of 1394159775.
3, 5, 29, 640993
List the prime factors of 203153403.
3, 67717801
List the prime factors of 382590754.
2, 7, 13, 271, 7757
What are the prime factors of 29564441?
151, 195791
List the prime factors of 73765700.
2, 5, 737657
What are the prime factors of 493182395?
5, 98636479
What are the prime factors of 1374407380?
2, 5, 68720369
List the prime factors of 2880588860.
2, 5, 19, 59, 128483
What are the prime factors of 189581227?
11, 179, 8753
What are the prime factors of 331140708?
2, 3, 9198353
List the prime factors of 921766218.
2, 3, 29, 1283, 4129
What are the prime factors of 397243268?
2, 53, 67, 27967
What are the prime factors of 29269867?
11, 83, 32059
What are the prime factors of 93373153?
263, 355031
List the prime factors of 654148761.
3, 7, 151, 206291
List the prime factors of 9131039.
19, 109, 4409
List the prime factors of 68986978.
2, 1499, 23011
What are the prime factors of 494939210?
2, 5, 49493921
What are the prime factors of 27833348?
2, 6958337
List the prime factors of 3721628049.
3, 17, 1543, 47293
List the prime factors of 49348698.
2, 3, 7, 1174969
List the prime factors of 145340565.
3, 5, 17, 23, 24781
What are the prime factors of 1009591549?
1009591549
List the prime factors of 285631477.
173, 521, 3169
List the prime factors of 42936805.
5, 8587361
List the prime factors of 138325582.
2, 43, 1608437
List the prime factors of 32170329.
3, 1523, 2347
What are the prime factors of 2374377334?
2, 7, 3371, 50311
List the prime factors of 9464173268.
2, 11, 19554077
List the prime factors of 6832824.
2, 3, 284701
What are the prime factors of 2104954719?
3, 7, 41, 541, 4519
List the prime factors of 85452031.
7, 1743919
What are the prime factors of 72138655?
5, 47, 251, 1223
What are the prime factors of 4273710393?
3, 17, 953, 87931
What are the prime factors of 2146044317?
17, 126237901
List the prime factors of 452355999.
3, 31, 4864043
What are the prime factors of 844148844?
2, 3, 7, 11, 83, 1223
List the prime factors of 8607501.
3, 7, 317, 431
What are the prime factors of 257768116?
2, 47, 1371107
What are the prime factors of 143272131?
3, 47757377
What are the prime factors of 2588985333?
3, 11, 2161